{"id":5406,"date":"2025-06-12T15:20:16","date_gmt":"2025-06-12T19:20:16","guid":{"rendered":"https:\/\/zocalo.cl\/enamoralaverdad\/?page_id=5406"},"modified":"2026-01-05T20:02:22","modified_gmt":"2026-01-06T00:02:22","slug":"acompanamiento-fin-de-ciclo-interespecies","status":"publish","type":"page","link":"https:\/\/zocalo.cl\/enamoralaverdad\/terapias\/acompanamiento-fin-de-ciclo-interespecies\/","title":{"rendered":"Acompa\u00f1amiento de fin de ciclo interespecies"},"content":{"rendered":"\n<p>DOULA DEL ALMA<\/p>\n\n\n\n<p>Te acompa\u00f1o en la despedida de tu compa\u00f1ero animal. Lo he vivido muchas veces, y s\u00e9 lo que es, el dolor que se siente y de la incomprensi\u00f3n hacia este duelo.<\/p>\n\n\n\n<p>Si buscas compa\u00f1\u00eda, apoyo y orientaci\u00f3n compasiva para este dif\u00edcil momento, aqu\u00ed estoy. Y s\u00e9 de la incomprensi\u00f3n hacia este duelo.&nbsp;<\/p>\n\n\n\n<p>.<\/p>\n\n\n\n<p>Necesitar\u00e9 una foto reciente de tu peludito mirando a la c\u00e1mara, en lo posible que se vea su mirada. Su nombre.<\/p>\n\n\n\n<p>Tu nombre, foto tuya, sin gafas, en la que se vea tu mirada (esto porque los peludos absorben mucho de sus humanos).<\/p>\n\n\n\n<p>Si hay m\u00e1s humanos cercanos a tu peludo, tambi\u00e9n necesitar\u00e9 saber un poquito de&nbsp; la relaci\u00f3n con ellos.<\/p>\n\n\n\n<p>Cu\u00e9ntame a rasgos generales su historia contigo, su estado general, si tiene diagnosticada alguna enfermedad, c\u00f3mo est\u00e1 de \u00e1nimo.<\/p>\n\n\n\n<p>.<\/p>\n\n\n\n<p>El acompa\u00f1amiento que entrego es para ambos, humano y no humano.<\/p>\n\n\n\n<p>Para tu compa\u00f1ero amado, har\u00e9 comunicaciones para saber qu\u00e9 necesita, qu\u00e9 quiere, y qu\u00e9 desea decir, le transmitir\u00e9 tus mensajes. Tambi\u00e9n le har\u00e9 sanaciones para apoyarlo en lo que necesite. Y si veo que puede ayudar, indicar\u00e9 alguna otra terapia complementaria.<\/p>\n\n\n\n<p>.<\/p>\n\n\n\n<p>En general, ellos ven la muerte como un proceso muy natural: no le temen, no la juzgan, se entregan muy en paz a su proceso.<\/p>\n\n\n\n<p>.<\/p>\n\n\n\n<p>Para ti, te explicar\u00e9 lo que se viene, te ir\u00e9 acompa\u00f1ando, apoyando desde mi experiencia personal, como comunicadora, doula del alma animal y responsable de muchos peludos. Te ir\u00e9 explicando el proceso f\u00edsico de tu peludo, las etapas que se vienen. Y te har\u00e9 sanaciones si las necesitas, y\/o te indicar\u00e9 alguna otra terapia complementaria.<\/p>\n\n\n\n<p>.<\/p>\n\n\n\n<p>Los orientar\u00e9, ayudar\u00e9 y apoyar\u00e9 a ambos en la decisi\u00f3n sobre la eutanasia \ud83d\ude4f&nbsp;<\/p>\n\n\n\n<p>.<\/p>\n\n\n\n<p>Tambi\u00e9n te compartir\u00e9 textos y testimonios de otras personas que viven o han vivido su duelo conscientemente.<\/p>\n\n\n\n<p>.<\/p>\n\n\n\n<p>La sesi\u00f3n inicial de comunicaci\u00f3n y sanaci\u00f3n vale $30.000 (s\u00f3lo para Chile) o 55 USD, en horario h\u00e1bil. Urgencias en fin de semana, o festivos, $40.000 o 65 USD . Iremos evaluando de un d\u00eda a la vez c\u00f3mo seguimos, pues la situaci\u00f3n ir\u00e1 cambiando con el transcurso de los d\u00edas. Yo te cuento por audios el resultado, no es necesario agendar una hora.<\/p>\n\n\n\n<p>.<\/p>\n\n\n\n<p>Por cierto, ya hacer la sanaci\u00f3n inicial los ayudar\u00e1 a ambos a vivir de manera m\u00e1s amorosa y liviana este tr\u00e1nsito tan natural y tan doloroso a la vez\u2026 y tan sagrado\u2026<\/p>\n\n\n\n<p>\ud83d\ude4f<\/p>\n\n\n\n<figure class=\"wp-block-image aligncenter size-large is-resized\"><img loading=\"lazy\" decoding=\"async\" width=\"920\" height=\"1024\" src=\"https:\/\/zocalo.cl\/enamoralaverdad\/wp-content\/uploads\/2025\/06\/Sin-titulo-1-920x1024.jpg\" alt=\"\" class=\"wp-image-5407\" style=\"width:450px\" srcset=\"https:\/\/zocalo.cl\/enamoralaverdad\/wp-content\/uploads\/2025\/06\/Sin-titulo-1-920x1024.jpg 920w, https:\/\/zocalo.cl\/enamoralaverdad\/wp-content\/uploads\/2025\/06\/Sin-titulo-1-270x300.jpg 270w, https:\/\/zocalo.cl\/enamoralaverdad\/wp-content\/uploads\/2025\/06\/Sin-titulo-1-768x855.jpg 768w, https:\/\/zocalo.cl\/enamoralaverdad\/wp-content\/uploads\/2025\/06\/Sin-titulo-1.jpg 1080w\" sizes=\"auto, (max-width: 920px) 100vw, 920px\" \/><\/figure>\n","protected":false},"excerpt":{"rendered":"<p>DOULA DEL ALMA Te acompa\u00f1o en la despedida de tu compa\u00f1ero animal. Lo he vivido muchas veces, y s\u00e9 lo que es, el dolor que se siente y de la incomprensi\u00f3n hacia este duelo. Si buscas compa\u00f1\u00eda, apoyo y orientaci\u00f3n compasiva para este dif\u00edcil momento, aqu\u00ed estoy. Y s\u00e9 de la incomprensi\u00f3n hacia este duelo.&nbsp; [&hellip;]<\/p>\n","protected":false},"author":1,"featured_media":0,"parent":5364,"menu_order":0,"comment_status":"closed","ping_status":"closed","template":"","meta":{"site-container-style":"default","site-container-layout":"default","site-sidebar-layout":"default","disable-article-header":"default","disable-site-header":"default","disable-site-footer":"default","disable-content-area-spacing":"default","ngg_post_thumbnail":0,"_joinchat":[],"footnotes":""},"class_list":["post-5406","page","type-page","status-publish","hentry"],"_links":{"self":[{"href":"https:\/\/zocalo.cl\/enamoralaverdad\/wp-json\/wp\/v2\/pages\/5406","targetHints":{"allow":["GET"]}}],"collection":[{"href":"https:\/\/zocalo.cl\/enamoralaverdad\/wp-json\/wp\/v2\/pages"}],"about":[{"href":"https:\/\/zocalo.cl\/enamoralaverdad\/wp-json\/wp\/v2\/types\/page"}],"author":[{"embeddable":true,"href":"https:\/\/zocalo.cl\/enamoralaverdad\/wp-json\/wp\/v2\/users\/1"}],"replies":[{"embeddable":true,"href":"https:\/\/zocalo.cl\/enamoralaverdad\/wp-json\/wp\/v2\/comments?post=5406"}],"version-history":[{"count":0,"href":"https:\/\/zocalo.cl\/enamoralaverdad\/wp-json\/wp\/v2\/pages\/5406\/revisions"}],"up":[{"embeddable":true,"href":"https:\/\/zocalo.cl\/enamoralaverdad\/wp-json\/wp\/v2\/pages\/5364"}],"wp:attachment":[{"href":"https:\/\/zocalo.cl\/enamoralaverdad\/wp-json\/wp\/v2\/media?parent=5406"}],"curies":[{"name":"wp","href":"https:\/\/api.w.org\/{rel}","templated":true}]}}